{"id":1761,"date":"2025-04-16T14:30:35","date_gmt":"2025-04-16T12:30:35","guid":{"rendered":"https:\/\/www.magtv.tn\/?page_id=1761"},"modified":"2025-04-16T15:40:48","modified_gmt":"2025-04-16T13:40:48","slug":"books","status":"publish","type":"page","link":"https:\/\/www.magtv.tn\/?page_id=1761","title":{"rendered":"\u0643\u062a\u0628 \u0648 \u0645\u0631\u0627\u062c\u0639"},"content":{"rendered":"<style type=\"text\/css\">\r\n\/* Search Panel *\/\r\n.wbg-search-container {\r\n    background: #FFFFFF;\r\n    border: 0px solid #CCCCCC;\r\n    border-radius: 0px;\r\n    margin-top: 0px;\r\n    margin-bottom: 10px;\r\n}\r\n\/* Search Input *\/\r\n.wbg-search-container .wbg-search-item input[type=\"text\"],\r\n.selectize-control.single .selectize-input,\r\n.selectize-dropdown [data-selectable].option {\r\n    background-color: #FFFFFF;\r\n    color: #242424!important;\r\n    font-size: 14px;\r\n}\r\n.selectize-input input {\r\n    color: #242424!important;\r\n}\r\n\r\n.selectize-dropdown [data-selectable].option {\r\n    cursor: pointer;\r\n    border-bottom: 1px solid #EEE;\r\n    padding-bottom: 5px;\r\n}\r\n\/* Search Button *\/\r\n.wbg-search-container .wbg-search-item .submit-btn {\r\n    background: #0274be;\r\n    border: 1px solid #317081;\r\n    color: #FFFFFF;\r\n    font-size: 14px;\r\n    font-weight: 700;\r\n}\r\n.wbg-search-container .wbg-search-item .submit-btn:hover {\r\n    background: #EAEAEA;\r\n    color: #242424;\r\n}\r\n\/* Search Reset Button *\/\r\n.wbg-search-container .wbg-search-item a#wbg-search-refresh {\r\n    background: #EEEEEE;\r\n    border: 1px solid #999999;\r\n    color: #111111;\r\n    width: 45px;\r\n    font-size: 18px;\r\n}\r\n.wbg-search-container .wbg-search-item a#wbg-search-refresh:hover {\r\n    background: #6fa0df;\r\n    color: #FFFFFF;\r\n    border: 1px solid #6fa0df;\r\n}\r\n<\/style><style type=\"text\/css\">\r\n    .wbg-parent-wrapper {\r\n    background: #FFF;\r\n    border: 1px solid #FFFFFF;\r\n    max-width: 1200px;\r\n    margin-top: 0px;\r\n    margin-bottom: 0px;\r\n    padding: 0px;\r\n    border-radius: 0px;\r\n  }\r\n  .wbg-main-wrapper .wbg-item {\r\n    border: 1px solid #FFFFFF;\r\n    background-color: #F4F4F4;\r\n    white-space: normal;\r\n    padding-top: 10px;\r\n    padding-right: 10px;\r\n    padding-left: 10px;\r\n  }\r\n  \/*\r\n  .wbg-main-wrapper .wbg-item img {\r\n    width: ;\r\n    height: ;\r\n  }\r\n  *\/\r\n  .wbg-main-wrapper .wbg-item img:hover {\r\n      }\r\n  .wbg-main-wrapper .wbg-item a.wbg-btn {\r\n    background: #0274be;\r\n    color: #FFFFFF;\r\n    font-size: 12px;\r\n  }\r\n  .wbg-main-wrapper .wbg-item a.wbg-btn:hover {\r\n    background: #0274be;\r\n    color: #FFFFFF;\r\n  }\r\n  .wbg-main-wrapper .wbg-item .wgb-item-link {\r\n    color: #242424 !important;\r\n    font-size: 18px !important;\r\n  }\r\n  .wbg-main-wrapper .wbg-item .wgb-item-link:hover {\r\n    color: #FF0000 !important;\r\n  }\r\n  .wbg-main-wrapper .wbg-item .wbg-description-content {\r\n    font-size: 12px !important;\r\n    color: #242424 !important;\r\n  }\r\n  \r\n  @-webkit-keyframes rotation {\r\n    from {\r\n      -webkit-transform: rotate(0deg);\r\n    }\r\n    to {\r\n      -webkit-transform: rotate(360deg);\r\n    }\r\n  }\r\n\r\n  \/* List style *\/\r\n  .wbg-main-wrapper.list .wbg-item-list-wrapper {\r\n      border-bottom: 1px solid #FFFFFF;\r\n      background-color: #F4F4F4;\r\n      white-space: normal;\r\n  }\r\n  .wbg-main-wrapper.list .wbg-item-list-wrapper .wbg-item-list-detials .wbg-title h3.wgb-item-link,\r\n  .wbg-main-wrapper.list .wbg-item-list-wrapper .wbg-item-list-detials .wbg-title a.wgb-item-link {\r\n      color: #242424 !important;\r\n      font-size: 18px !important;\r\n  }\r\n  .wbg-main-wrapper.list .wbg-item-list-wrapper .wbg-item-list-detials .wbg-title h3.wgb-item-link:hover,\r\n  .wbg-main-wrapper.list .wbg-item-list-wrapper .wbg-item-list-detials .wbg-title a.wgb-item-link:hover {\r\n      color: #FF0000 !important;\r\n  }\r\n  .wbg-main-wrapper.list .wbg-item-list-wrapper .wbg-item-list-detials .regular-price .wbgp-price {\r\n    font-size: 16px;\r\n  }\r\n  .wbg-main-wrapper.list .wbg-item-list-wrapper .wbg-item-list-detials .regular-price .wbgp-price.price-after {\r\n      color: #13b651;\r\n  }\r\n  .wbg-main-wrapper.list .wbg-item-list-wrapper .wbg-item-list-detials .regular-price .wbgp-price.price-before {\r\n      color: #ff7162;\r\n  }\r\n  .wbg-main-wrapper.list .wbg-item-list-wrapper .wbg-item-list-detials span.loop-author,\r\n  .wbg-main-wrapper.list .wbg-item-list-wrapper .wbg-item-list-detials span.loop-author a.wbg-list-author {\r\n    color: #555555;\r\n    font-size: 11px !important;\r\n  }\r\n  .wbg-main-wrapper.list .wbg-item-list-wrapper .wbg-item-list-detials span.loop-category,\r\n  .wbg-main-wrapper.list .wbg-item-list-wrapper .wbg-item-list-detials span.loop-category a.wbg-list-cat {\r\n    color: #555555;\r\n    font-size: 11px !important;\r\n  }\r\n  .wbg-main-wrapper.list .wbg-item-list-wrapper .wbg-item-list-detials .wbg-description-content {\r\n      font-size: 12px !important;\r\n      color: #242424 !important;\r\n  }\r\n  .wbg-main-wrapper .wbg-item-list-wrapper a.wbg-btn {\r\n      background: #0274be;\r\n      color: #FFFFFF;\r\n      font-size: 12px;\r\n  }\r\n  .wbg-main-wrapper .wbg-item-list-wrapper a.wbg-btn:hover {\r\n      background: #0274be;\r\n      color: #FFFFFF;\r\n  }\r\n<\/style><div class=\"wbg-parent-wrapper\">\r\n  <form method=\"GET\" action=\"https:\/\/www.magtv.tn\/?page_id=1761\" id=\"wbg-search-form\">\r\n    <div class=\"wrap wbg-search-container\">\r\n              <div class=\"wbg-search-item\">\r\n            <input type=\"text\" name=\"wbg_title_s\" placeholder=\"Book Title\" value=\"\">\r\n          <\/div>\r\n                    <div class=\"wbg-search-item\">\r\n              <select id=\"wbg_published_on_s\" name=\"wbg_published_on_s\" class=\"wbg-selectize\">\r\n                  <option value=\"\">All Years<\/option>\r\n                                        <option value=\"2023\"  >2023<\/option>\r\n                                    <\/select>\r\n          <\/div>\r\n                      <div class=\"wbg-search-item\">\r\n                <select id=\"wbg_language_s\" name=\"wbg_language_s\" class=\"wbg-selectize\">\r\n                    <option value=\"\">All Languages<\/option>\r\n                                            <option value=\"Fran\u00e7ais\"  >Fran\u00e7ais<\/option>\r\n                                    <\/select>\r\n            <\/div>\r\n                        <div class=\"wbg-search-item\">\r\n              <select id=\"wbg_author_s\" name=\"wbg_author_s\" class=\"wbg-selectize\">\r\n                  <option value=\"\">All Authors<\/option>\r\n                                      <option value=\"NOURI MIMOUN\"  >NOURI MIMOUN<\/option>\r\n                                <\/select>\r\n            <\/div>\r\n                        <div class=\"wbg-search-item\">\r\n              <select id=\"wbg_publisher_s\" name=\"wbg_publisher_s\" class=\"wbg-selectize\">\r\n                  <option value=\"\">All Publishers<\/option>\r\n                                      <option value=\"Abwab \u00e9ditions\"  >Abwab \u00e9ditions<\/option>\r\n                                      <option value=\"Apollinia \u00c9ditions\"  >Apollinia \u00c9ditions<\/option>\r\n                                      <option value=\"MC - \u00c9ditions\"  >MC - \u00c9ditions<\/option>\r\n                                <\/select>\r\n            <\/div>\r\n            \r\n    <div class=\"wbg-search-item\">\r\n      <input type=\"submit\" class=\"button submit-btn\" value=\"Search Books\">\r\n    <\/div>\r\n\r\n          <div class=\"wbg-search-item refresh\">\r\n        <a href=\"https:\/\/www.magtv.tn\/?page_id=1761\" id=\"wbg-search-refresh\">\r\n                        <span class=\"fa fa-refresh\"><\/span>\r\n                      <\/a>\r\n      <\/div>\r\n        <\/div>\r\n<\/form>      <div class=\"wbg-total-books-title\">\r\n        \u0639\u0631\u0636 <span>1-5 of 5<\/span> \u0627\u0644\u0643\u062a\u0628      <\/div>\r\n          <div class=\"wbg-main-wrapper wbg-product-column-4 wbg-product-column-mobile-1 grid\">\r\n      <div class=\"wbg-item\">\r\n            <a class=\"wgb-item-link\" href=\"https:\/\/www.magtv.tn\/?books=des-palmerais-sous-la-lune\" target=\"_self\">\r\n            <img decoding=\"async\" src=\"https:\/\/www.magtv.tn\/wp-content\/uploads\/2025\/04\/WhatsApp-Image-2025-04-21-a-11.53.03_a910bd12-163x300.jpg\" alt=\"Des palmeraies sous la lune\" style=\"height:200px; object-fit: fill;\">            Des palmeraies sous la lune        <\/a>\r\n                    <div class=\"wbg-description-content\">\r\n                <p>\u0648\u0627\u062d\u0627\u062a \u062a\u062d\u062a \u0636\u0648\u0621 \u0627\u0644\u0642\u0645\u0631<br \/> Arabesque \u00e9ditions \/ 1916<br \/> ( \u0627\u0644\u0637\u0628\u0639\u0629 \u0627\u0644\u062b\u0627\u0646\u064a\u0629. \u0627\u0644\u0627\u0648\u0644\u0649 \u0635\u062f\u0631\u062a \u0628\u0641\u0631\u0646\u0633\u0627 \u0628\u062a\u0627\u0631\u064a\u062e 2012 )<br \/>...<\/p>            <\/div>\r\n                        <span class=\"loop-category\">\r\n                cat\u00e9gorie :&nbsp;<a href=\"?wbg_category_s=ROMAN\" class=\"wbg-list-author\">ROMAN<\/a>            <\/span>\r\n                        <span class=\"loop-author\">\r\n                Par :&nbsp;<a href=\"?wbg_author_s=NOURI+MIMOUN\" class=\"wbg-single-link\">NOURI MIMOUN<\/a>            <\/span>\r\n                <!-- Button Panel -->\r\n    <div class=\"wbg-button-container\">\r\n                                <a href=\"https:\/\/www.magtv.tn\/wp-content\/uploads\/2025\/04\/Des-Palmeraies-sous-la-lune.pdf\" class=\"button wbg-btn\" target=&quot;_blank&quot;>\r\n                            <i class=\"fa-solid fa-download\"><\/i>&nbsp;Download                        <\/a>\r\n                            <\/div>\r\n<\/div><div class=\"wbg-item\">\r\n            <a class=\"wgb-item-link\" href=\"https:\/\/www.magtv.tn\/?books=lunite-syndicale-ustt-ugtt\" target=\"_self\">\r\n            <img decoding=\"async\" src=\"https:\/\/www.magtv.tn\/wp-content\/uploads\/2025\/05\/\u063a\u0644\u0627\u0641-\u0643\u062a\u0627\u0628-\u0628\u0627\u0644\u0644\u0648\u0646-\u0627\u0644\u0643\u062d\u0644\u064a-\u0648\u0627\u0644\u0627\u0628\u064a\u0636-\u0628\u0646\u0645\u0637-\u0628\u0633\u064a\u0637-\u0639\u0646-\u0643\u062a\u0627\u0628-\u0628\u0648\u0636\u0648\u0639-\u0628\u062d\u0631\u064a-188x300.png\" alt=\"L&#8217;unit\u00e9 Syndicale USTT \/ UGTT\" style=\"height:200px; object-fit: fill;\">            L&#8217;unit\u00e9 Syndicale USTT \/ UGTT        <\/a>\r\n                    <span class=\"loop-author\">\r\n                Par :&nbsp;<a href=\"?wbg_author_s=NOURI+MIMOUN\" class=\"wbg-single-link\">NOURI MIMOUN<\/a>            <\/span>\r\n                <!-- Button Panel -->\r\n    <div class=\"wbg-button-container\">\r\n                                <a href=\"https:\/\/www.magtv.tn\/wp-content\/uploads\/2025\/05\/Unite-syndicale.pdf\" class=\"button wbg-btn\" target=&quot;_blank&quot;>\r\n                            <i class=\"fa-solid fa-download\"><\/i>&nbsp;Download                        <\/a>\r\n                            <\/div>\r\n<\/div><div class=\"wbg-item\">\r\n            <a class=\"wgb-item-link\" href=\"https:\/\/www.magtv.tn\/?books=les-porteurs-despoir\" target=\"_self\">\r\n            <img decoding=\"async\" src=\"https:\/\/www.magtv.tn\/wp-content\/uploads\/2025\/04\/porteurs-205x300.jpg\" alt=\"Les porteurs d&#8217;espoir\" style=\"height:200px; object-fit: fill;\">            Les porteurs d&#8217;espoir        <\/a>\r\n                    <div class=\"wbg-description-content\">\r\n                <p style=\"text-align: right;\">Les porteurs d'espoir<br \/> Hommage \u00e0 Chokri Belaid<br \/> \u062d\u0645\u0627\u0644\u0648 \u0627\u0644\u0623\u0645\u0644..\u062a\u0643\u0631\u064a\u0645\u0627 \u0644\u0634\u0643\u0631\u064a \u0628\u0644\u0639\u064a\u062f<br \/> Apollinia \u00c9ditions, 2014<br \/>...<\/p>            <\/div>\r\n                        <span class=\"loop-author\">\r\n                Par :&nbsp;<a href=\"?wbg_author_s=NOURI+MIMOUN\" class=\"wbg-single-link\">NOURI MIMOUN<\/a>            <\/span>\r\n                <!-- Button Panel -->\r\n    <div class=\"wbg-button-container\">\r\n                                <a href=\"https:\/\/www.magtv.tn\/wp-content\/uploads\/2025\/04\/maquette02.pdf\" class=\"button wbg-btn\" target=&quot;_blank&quot;>\r\n                            <i class=\"fa-solid fa-download\"><\/i>&nbsp;Download                        <\/a>\r\n                            <\/div>\r\n<\/div><div class=\"wbg-item\">\r\n            <a class=\"wgb-item-link\" href=\"https:\/\/www.magtv.tn\/?books=ourida-de-lampedusa\" target=\"_self\">\r\n            <img decoding=\"async\" src=\"https:\/\/www.magtv.tn\/wp-content\/uploads\/2025\/04\/ourida-de-lampedusa-ou-la-cavale-des-pauvres-199x300.jpg\" alt=\"OURIDA DE LAMPEDUSA\" style=\"height:200px; object-fit: fill;\">            OURIDA DE LAMPEDUSA        <\/a>\r\n                    <div class=\"wbg-description-content\">\r\n                <p>\/ Ourida de Lampedusa<br \/> ( Ou la cavale des pauvres)<br \/> \u0648\u0631\u064a\u062f\u0629 \u0644\u0627\u0645\u0628\u064a\u062f\u0648\u0632\u0627 ( \u0623\u0648 \u0627\u0644\u0647\u0631\u0648\u0628 \u0646\u062d\u0648 \u0627\u0644\u0633\u0631\u0627\u0628 )<br...<\/p>            <\/div>\r\n                        <span class=\"loop-category\">\r\n                cat\u00e9gorie :&nbsp;<a href=\"?wbg_category_s=ROMAN\" class=\"wbg-list-author\">ROMAN<\/a>            <\/span>\r\n                        <span class=\"loop-author\">\r\n                Par :&nbsp;<a href=\"?wbg_author_s=NOURI+MIMOUN\" class=\"wbg-single-link\">NOURI MIMOUN<\/a>            <\/span>\r\n                <!-- Button Panel -->\r\n    <div class=\"wbg-button-container\">\r\n                                <a href=\"https:\/\/www.magtv.tn\/wp-content\/uploads\/2025\/04\/ourida-.pdf\" class=\"button wbg-btn\" target=&quot;_blank&quot;>\r\n                            <i class=\"fa-solid fa-download\"><\/i>&nbsp;Download                        <\/a>\r\n                            <\/div>\r\n<\/div><div class=\"wbg-item\">\r\n            <a class=\"wgb-item-link\" href=\"https:\/\/www.magtv.tn\/?books=un-amour-de-quatsous\" target=\"_self\">\r\n            <img decoding=\"async\" src=\"https:\/\/www.magtv.tn\/wp-content\/uploads\/2025\/04\/WhatsApp-Image-2025-04-21-a-11.53.01_63b36972-197x300.jpg\" alt=\"Un amour de quat\u2019sous\" style=\"height:200px; object-fit: fill;\">            Un amour de quat\u2019sous        <\/a>\r\n                    <div class=\"wbg-description-content\">\r\n                <p style=\"text-align: left;\">Un amour de quat'sous ( roman )<br \/> MC - \u00c9ditions, 2008<br \/> Nbre de pages : 126<\/p>...            <\/div>\r\n                        <span class=\"loop-category\">\r\n                cat\u00e9gorie :&nbsp;<a href=\"?wbg_category_s=ROMAN\" class=\"wbg-list-author\">ROMAN<\/a>            <\/span>\r\n                        <span class=\"loop-author\">\r\n                Par :&nbsp;<a href=\"?wbg_author_s=NOURI+MIMOUN\" class=\"wbg-single-link\">NOURI MIMOUN<\/a>            <\/span>\r\n                <!-- Button Panel -->\r\n    <div class=\"wbg-button-container\">\r\n                                <a href=\"https:\/\/www.magtv.tn\/wp-content\/uploads\/2025\/04\/Un-amour-de-quatsous.pdf\" class=\"button wbg-btn\" target=&quot;_blank&quot;>\r\n                            <i class=\"fa-solid fa-download\"><\/i>&nbsp;Download                        <\/a>\r\n                            <\/div>\r\n<\/div>    <\/div>\r\n    <\/div>\r\n\n","protected":false},"excerpt":{"rendered":"<p>Un amour de quat&#8217;sous ( roman ) MC &#8211; \u00c9ditions, 2008 Nbre de pages : 126 Ce roman retrace l&#8217;itin\u00e9raire affectif d&#8217;une femme aux abois \u00e0 travers une folle chevauch\u00e9e entre contr\u00e9es et continents. Partant \u00e0 la recherche d&#8217;un bonheur int\u00e9gral qu&#8217;elle croit \u00e0 chaque fois avoir atteint, cette aventuri\u00e8re imp\u00e9nitente ne s&#8217;avoue jamais vaincue &hellip;<\/p>\n","protected":false},"author":1,"featured_media":0,"parent":0,"menu_order":0,"comment_status":"closed","ping_status":"closed","template":"","meta":{"_monsterinsights_skip_tracking":false,"_monsterinsights_sitenote_active":false,"_monsterinsights_sitenote_note":"","_monsterinsights_sitenote_category":0,"_joinchat":[],"footnotes":""},"class_list":["post-1761","page","type-page","status-publish","hentry"],"aioseo_notices":[],"jetpack_sharing_enabled":true,"_links":{"self":[{"href":"https:\/\/www.magtv.tn\/index.php?rest_route=\/wp\/v2\/pages\/1761","targetHints":{"allow":["GET"]}}],"collection":[{"href":"https:\/\/www.magtv.tn\/index.php?rest_route=\/wp\/v2\/pages"}],"about":[{"href":"https:\/\/www.magtv.tn\/index.php?rest_route=\/wp\/v2\/types\/page"}],"author":[{"embeddable":true,"href":"https:\/\/www.magtv.tn\/index.php?rest_route=\/wp\/v2\/users\/1"}],"replies":[{"embeddable":true,"href":"https:\/\/www.magtv.tn\/index.php?rest_route=%2Fwp%2Fv2%2Fcomments&post=1761"}],"version-history":[{"count":6,"href":"https:\/\/www.magtv.tn\/index.php?rest_route=\/wp\/v2\/pages\/1761\/revisions"}],"predecessor-version":[{"id":1770,"href":"https:\/\/www.magtv.tn\/index.php?rest_route=\/wp\/v2\/pages\/1761\/revisions\/1770"}],"wp:attachment":[{"href":"https:\/\/www.magtv.tn\/index.php?rest_route=%2Fwp%2Fv2%2Fmedia&parent=1761"}],"curies":[{"name":"wp","href":"https:\/\/api.w.org\/{rel}","templated":true}]}}